{"id":1199,"date":"2023-09-30T13:30:14","date_gmt":"2023-09-30T13:30:14","guid":{"rendered":"https:\/\/www.kk-krnov.cz\/?page_id=1199"},"modified":"2023-09-30T13:34:26","modified_gmt":"2023-09-30T13:34:26","slug":"kontakt","status":"publish","type":"page","link":"https:\/\/www.kk-krnov.cz\/?page_id=1199","title":{"rendered":"Kontakt"},"content":{"rendered":"\t\t<div data-elementor-type=\"wp-page\" data-elementor-id=\"1199\" class=\"elementor elementor-1199\">\n\t\t\t\t\t\t<section class=\"elementor-section elementor-top-section elementor-element elementor-element-ff26852 elementor-section-boxed elementor-section-height-default elementor-section-height-default\" data-id=\"ff26852\" data-element_type=\"section\" data-e-type=\"section\">\n\t\t\t\t\t\t<div class=\"elementor-container elementor-column-gap-default\">\n\t\t\t\t\t<div class=\"elementor-column elementor-col-100 elementor-top-column elementor-element elementor-element-7769d31\" data-id=\"7769d31\" data-element_type=\"column\" data-e-type=\"column\">\n\t\t\t<div class=\"elementor-widget-wrap elementor-element-populated\">\n\t\t\t\t\t\t<section class=\"elementor-section elementor-inner-section elementor-element elementor-element-fd71814 elementor-section-boxed elementor-section-height-default elementor-section-height-default\" data-id=\"fd71814\" data-element_type=\"section\" data-e-type=\"section\">\n\t\t\t\t\t\t<div class=\"elementor-container elementor-column-gap-default\">\n\t\t\t\t\t<div class=\"elementor-column elementor-col-50 elementor-inner-column elementor-element elementor-element-9048128\" data-id=\"9048128\" data-element_type=\"column\" data-e-type=\"column\">\n\t\t\t<div class=\"elementor-widget-wrap elementor-element-populated\">\n\t\t\t\t\t\t<div class=\"elementor-element elementor-element-07e01b3 elementor-widget elementor-widget-google_maps\" data-id=\"07e01b3\" data-element_type=\"widget\" data-e-type=\"widget\" data-widget_type=\"google_maps.default\">\n\t\t\t\t<div class=\"elementor-widget-container\">\n\t\t\t\t\t\t\t<div class=\"elementor-custom-embed\">\n\t\t\t<iframe loading=\"lazy\"\n\t\t\t\t\tsrc=\"https:\/\/maps.google.com\/maps?q=Krnov%2C%20Ch%C3%A1%C5%99ovsk%C3%A1%20117&#038;t=m&#038;z=11&#038;output=embed&#038;iwloc=near\"\n\t\t\t\t\ttitle=\"Krnov, Ch\u00e1\u0159ovsk\u00e1 117\"\n\t\t\t\t\taria-label=\"Krnov, Ch\u00e1\u0159ovsk\u00e1 117\"\n\t\t\t><\/iframe>\n\t\t<\/div>\n\t\t\t\t\t\t<\/div>\n\t\t\t\t<\/div>\n\t\t\t\t\t<\/div>\n\t\t<\/div>\n\t\t\t\t<div class=\"elementor-column elementor-col-50 elementor-inner-column elementor-element elementor-element-da5ab94\" data-id=\"da5ab94\" data-element_type=\"column\" data-e-type=\"column\">\n\t\t\t<div class=\"elementor-widget-wrap elementor-element-populated\">\n\t\t\t\t\t\t<div class=\"elementor-element elementor-element-51f9a67 elementor-widget elementor-widget-text-editor\" data-id=\"51f9a67\" data-element_type=\"widget\" data-e-type=\"widget\" data-widget_type=\"text-editor.default\">\n\t\t\t\t<div class=\"elementor-widget-container\">\n\t\t\t\t\t\t\t\t\t<h4><b><u><i>&nbsp; &nbsp;Kontakt:<\/i><\/u><\/b><\/h4>\n<p>&nbsp; &nbsp;Martin Jakub\u00edk<\/p>\n<p>&nbsp; &nbsp;Ch\u00e1\u0159ovsk\u00e1 117b, 794 01 Krnov<\/p>\n<p>&nbsp; &nbsp;+420 603 395 777<\/p>\n<p>&nbsp; &nbsp;kovokrnov@email.cz<\/p>\n<p><br><\/p>\t\t\t\t\t\t\t\t<\/div>\n\t\t\t\t<\/div>\n\t\t\t\t\t<\/div>\n\t\t<\/div>\n\t\t\t\t\t<\/div>\n\t\t<\/section>\n\t\t\t\t\t<\/div>\n\t\t<\/div>\n\t\t\t\t\t<\/div>\n\t\t<\/section>\n\t\t\t\t<\/div>\n\t\t","protected":false},"excerpt":{"rendered":"<p>&nbsp; &nbsp;Kontakt: &nbsp; &nbsp;Martin Jakub\u00edk &nbsp; &nbsp;Ch\u00e1\u0159ovsk\u00e1 117b, 794 01 Krnov &nbsp; &nbsp;+420 603 395 777 &nbsp; &nbsp;kovokrnov@email.cz<\/p>\n","protected":false},"author":1,"featured_media":0,"parent":0,"menu_order":0,"comment_status":"closed","ping_status":"closed","template":"","meta":{"footnotes":""},"class_list":["post-1199","page","type-page","status-publish","hentry"],"yoast_head":"<!-- This site is optimized with the Yoast SEO plugin v23.0 - https:\/\/yoast.com\/wordpress\/plugins\/seo\/ -->\n<title>Kontakt - www.kk-krnov.cz<\/title>\n<meta name=\"robots\" content=\"index, follow, max-snippet:-1, max-image-preview:large, max-video-preview:-1\" \/>\n<link rel=\"canonical\" href=\"https:\/\/www.kk-krnov.cz\/?page_id=1199\" \/>\n<meta property=\"og:locale\" content=\"cs_CZ\" \/>\n<meta property=\"og:type\" content=\"article\" \/>\n<meta property=\"og:title\" content=\"Kontakt - www.kk-krnov.cz\" \/>\n<meta property=\"og:description\" content=\"&nbsp; &nbsp;Kontakt: &nbsp; &nbsp;Martin Jakub\u00edk &nbsp; &nbsp;Ch\u00e1\u0159ovsk\u00e1 117b, 794 01 Krnov &nbsp; &nbsp;+420 603 395 777 &nbsp; &nbsp;kovokrnov@email.cz\" \/>\n<meta property=\"og:url\" content=\"https:\/\/www.kk-krnov.cz\/?page_id=1199\" \/>\n<meta property=\"og:site_name\" content=\"www.kk-krnov.cz\" \/>\n<meta property=\"article:publisher\" content=\"https:\/\/www.facebook.com\/martin.jakubik.391\/\" \/>\n<meta property=\"article:modified_time\" content=\"2023-09-30T13:34:26+00:00\" \/>\n<meta name=\"twitter:card\" content=\"summary_large_image\" \/>\n<meta name=\"twitter:label1\" content=\"Odhadovan\u00e1 doba \u010dten\u00ed\" \/>\n\t<meta name=\"twitter:data1\" content=\"1 minuta\" \/>\n<script type=\"application\/ld+json\" class=\"yoast-schema-graph\">{\"@context\":\"https:\/\/schema.org\",\"@graph\":[{\"@type\":\"WebPage\",\"@id\":\"https:\/\/www.kk-krnov.cz\/?page_id=1199\",\"url\":\"https:\/\/www.kk-krnov.cz\/?page_id=1199\",\"name\":\"Kontakt - www.kk-krnov.cz\",\"isPartOf\":{\"@id\":\"https:\/\/www.kk-krnov.cz\/#website\"},\"datePublished\":\"2023-09-30T13:30:14+00:00\",\"dateModified\":\"2023-09-30T13:34:26+00:00\",\"breadcrumb\":{\"@id\":\"https:\/\/www.kk-krnov.cz\/?page_id=1199#breadcrumb\"},\"inLanguage\":\"cs\",\"potentialAction\":[{\"@type\":\"ReadAction\",\"target\":[\"https:\/\/www.kk-krnov.cz\/?page_id=1199\"]}]},{\"@type\":\"BreadcrumbList\",\"@id\":\"https:\/\/www.kk-krnov.cz\/?page_id=1199#breadcrumb\",\"itemListElement\":[{\"@type\":\"ListItem\",\"position\":1,\"name\":\"Dom\u016f\",\"item\":\"https:\/\/www.kk-krnov.cz\/\"},{\"@type\":\"ListItem\",\"position\":2,\"name\":\"Kontakt\"}]},{\"@type\":\"WebSite\",\"@id\":\"https:\/\/www.kk-krnov.cz\/#website\",\"url\":\"https:\/\/www.kk-krnov.cz\/\",\"name\":\"www.kk-krnov.cz\",\"description\":\"Zak\u00e1zkov\u00e1 v\u00fdroba speci\u00e1ln\u00edch stroj\u016f a dekora\u010dn\u00edch p\u0159edm\u011bt\u016f na m\u00edru\",\"publisher\":{\"@id\":\"https:\/\/www.kk-krnov.cz\/#organization\"},\"potentialAction\":[{\"@type\":\"SearchAction\",\"target\":{\"@type\":\"EntryPoint\",\"urlTemplate\":\"https:\/\/www.kk-krnov.cz\/?s={search_term_string}\"},\"query-input\":\"required name=search_term_string\"}],\"inLanguage\":\"cs\"},{\"@type\":\"Organization\",\"@id\":\"https:\/\/www.kk-krnov.cz\/#organization\",\"name\":\"Martin Jakub\u00edk\",\"url\":\"https:\/\/www.kk-krnov.cz\/\",\"logo\":{\"@type\":\"ImageObject\",\"inLanguage\":\"cs\",\"@id\":\"https:\/\/www.kk-krnov.cz\/#\/schema\/logo\/image\/\",\"url\":\"https:\/\/www.kk-krnov.cz\/wp-content\/uploads\/2023\/09\/logo-martin-jakubik.png\",\"contentUrl\":\"https:\/\/www.kk-krnov.cz\/wp-content\/uploads\/2023\/09\/logo-martin-jakubik.png\",\"width\":530,\"height\":247,\"caption\":\"Martin Jakub\u00edk\"},\"image\":{\"@id\":\"https:\/\/www.kk-krnov.cz\/#\/schema\/logo\/image\/\"},\"sameAs\":[\"https:\/\/www.facebook.com\/martin.jakubik.391\/\"]}]}<\/script>\n<!-- \/ Yoast SEO plugin. -->","yoast_head_json":{"title":"Kontakt - www.kk-krnov.cz","robots":{"index":"index","follow":"follow","max-snippet":"max-snippet:-1","max-image-preview":"max-image-preview:large","max-video-preview":"max-video-preview:-1"},"canonical":"https:\/\/www.kk-krnov.cz\/?page_id=1199","og_locale":"cs_CZ","og_type":"article","og_title":"Kontakt - www.kk-krnov.cz","og_description":"&nbsp; &nbsp;Kontakt: &nbsp; &nbsp;Martin Jakub\u00edk &nbsp; &nbsp;Ch\u00e1\u0159ovsk\u00e1 117b, 794 01 Krnov &nbsp; &nbsp;+420 603 395 777 &nbsp; &nbsp;kovokrnov@email.cz","og_url":"https:\/\/www.kk-krnov.cz\/?page_id=1199","og_site_name":"www.kk-krnov.cz","article_publisher":"https:\/\/www.facebook.com\/martin.jakubik.391\/","article_modified_time":"2023-09-30T13:34:26+00:00","twitter_card":"summary_large_image","twitter_misc":{"Odhadovan\u00e1 doba \u010dten\u00ed":"1 minuta"},"schema":{"@context":"https:\/\/schema.org","@graph":[{"@type":"WebPage","@id":"https:\/\/www.kk-krnov.cz\/?page_id=1199","url":"https:\/\/www.kk-krnov.cz\/?page_id=1199","name":"Kontakt - www.kk-krnov.cz","isPartOf":{"@id":"https:\/\/www.kk-krnov.cz\/#website"},"datePublished":"2023-09-30T13:30:14+00:00","dateModified":"2023-09-30T13:34:26+00:00","breadcrumb":{"@id":"https:\/\/www.kk-krnov.cz\/?page_id=1199#breadcrumb"},"inLanguage":"cs","potentialAction":[{"@type":"ReadAction","target":["https:\/\/www.kk-krnov.cz\/?page_id=1199"]}]},{"@type":"BreadcrumbList","@id":"https:\/\/www.kk-krnov.cz\/?page_id=1199#breadcrumb","itemListElement":[{"@type":"ListItem","position":1,"name":"Dom\u016f","item":"https:\/\/www.kk-krnov.cz\/"},{"@type":"ListItem","position":2,"name":"Kontakt"}]},{"@type":"WebSite","@id":"https:\/\/www.kk-krnov.cz\/#website","url":"https:\/\/www.kk-krnov.cz\/","name":"www.kk-krnov.cz","description":"Zak\u00e1zkov\u00e1 v\u00fdroba speci\u00e1ln\u00edch stroj\u016f a dekora\u010dn\u00edch p\u0159edm\u011bt\u016f na m\u00edru","publisher":{"@id":"https:\/\/www.kk-krnov.cz\/#organization"},"potentialAction":[{"@type":"SearchAction","target":{"@type":"EntryPoint","urlTemplate":"https:\/\/www.kk-krnov.cz\/?s={search_term_string}"},"query-input":"required name=search_term_string"}],"inLanguage":"cs"},{"@type":"Organization","@id":"https:\/\/www.kk-krnov.cz\/#organization","name":"Martin Jakub\u00edk","url":"https:\/\/www.kk-krnov.cz\/","logo":{"@type":"ImageObject","inLanguage":"cs","@id":"https:\/\/www.kk-krnov.cz\/#\/schema\/logo\/image\/","url":"https:\/\/www.kk-krnov.cz\/wp-content\/uploads\/2023\/09\/logo-martin-jakubik.png","contentUrl":"https:\/\/www.kk-krnov.cz\/wp-content\/uploads\/2023\/09\/logo-martin-jakubik.png","width":530,"height":247,"caption":"Martin Jakub\u00edk"},"image":{"@id":"https:\/\/www.kk-krnov.cz\/#\/schema\/logo\/image\/"},"sameAs":["https:\/\/www.facebook.com\/martin.jakubik.391\/"]}]}},"jetpack_sharing_enabled":true,"_links":{"self":[{"href":"https:\/\/www.kk-krnov.cz\/index.php?rest_route=\/wp\/v2\/pages\/1199","targetHints":{"allow":["GET"]}}],"collection":[{"href":"https:\/\/www.kk-krnov.cz\/index.php?rest_route=\/wp\/v2\/pages"}],"about":[{"href":"https:\/\/www.kk-krnov.cz\/index.php?rest_route=\/wp\/v2\/types\/page"}],"author":[{"embeddable":true,"href":"https:\/\/www.kk-krnov.cz\/index.php?rest_route=\/wp\/v2\/users\/1"}],"replies":[{"embeddable":true,"href":"https:\/\/www.kk-krnov.cz\/index.php?rest_route=%2Fwp%2Fv2%2Fcomments&post=1199"}],"version-history":[{"count":5,"href":"https:\/\/www.kk-krnov.cz\/index.php?rest_route=\/wp\/v2\/pages\/1199\/revisions"}],"predecessor-version":[{"id":1211,"href":"https:\/\/www.kk-krnov.cz\/index.php?rest_route=\/wp\/v2\/pages\/1199\/revisions\/1211"}],"wp:attachment":[{"href":"https:\/\/www.kk-krnov.cz\/index.php?rest_route=%2Fwp%2Fv2%2Fmedia&parent=1199"}],"curies":[{"name":"wp","href":"https:\/\/api.w.org\/{rel}","templated":true}]}}